s divided by 59?
33
Calculate the remainder when 1469 is divided by 183.
5
Calculate the remainder when 137 is divided by 47.
43
What is the remainder when 25 is divided by 15?
10
What is the remainder when 1363 is divided by 200?
163
What is the remainder when 4840 is divided by 103?
102
Calculate the remainder when 232 is divided by 10.
2
Calculate the remainder when 1053 is divided by 44.
41
Calculate the remainder when 285 is divided by 11.
10
Calculate the remainder when 123 is divided by 23.
8
What is the remainder when 1717 is divided by 86?
83
Calculate the remainder when 198 is divided by 179.
19
Calculate the remainder when 1824 is divided by 261.
258
What is the remainder when 349 is divided by 15?
4
What is the remainder when 3800 is divided by 141?
134
Calculate the remainder when 245 is divided by 13.
11
Calculate the remainder when 166 is divided by 44.
34
What is the remainder when 788 is divided by 6?
2
What is the remainder when 237 is divided by 15?
12
What is the remainder when 5 is divided by 5?
0
What is the remainder when 1877 is divided by 39?
5
What is the remainder when 151 is divided by 59?
33
Calculate the remainder when 101 is divided by 8.
5
Calculate the remainder when 10959 is divided by 29.
26
Calculate the remainder when 74 is divided by 15.
14
Calculate the remainder when 73 is divided by 56.
17
Calculate the remainder when 769 is divided by 35.
34
What is the remainder when 769 is divided by 22?
21
What is the remainder when 10736 is divided by 13?
11
Calculate the remainder when 1247 is divided by 26.
25
What is the remainder when 537 is divided by 109?
101
What is the remainder when 383 is divided by 16?
15
What is the remainder when 9941 is divided by 88?
85
Calculate the remainder when 769 is divided by 7.
6
Calculate the remainder when 331 is divided by 112.
107
Calculate the remainder when 104 is divided by 19.
9
What is the remainder when 195 is divided by 47?
7
What is the remainder when 581 is divided by 21?
14
What is the remainder when 93 is divided by 27?
12
What is the remainder when 227 is divided by 8?
3
Calculate the remainder when 184 is divided by 98.
86
What is the remainder when 264 is divided by 84?
12
What is the remainder when 223 is divided by 71?
10
Calculate the remainder when 79 is divided by 8.
7
Calculate the remainder when 209 is divided by 1.
0
Calculate the remainder when 3756 is divided by 21.
18
What is the remainder when 250 is divided by 8?
2
What is the remainder when 385 is divided by 195?
190
What is the remainder when 38 is divided by 4?
2
Calculate the remainder when 1549 is divided by 21.
16
What is the remainder when 447 is divided by 25?
22
Calculate the remainder when 3589 is divided by 80.
69
Calculate the remainder when 74 is divided by 5.
4
What is the remainder when 2902 is divided by 56?
46
Calculate the remainder when 15391 is divided by 104.
103
Calculate the remainder when 2746 is divided by 39.
16
Calculate the remainder when 1107 is divided by 30.
27
Calculate the remainder when 1527 is divided by 12.
3
Calculate the remainder when 265 is divided by 34.
27
Calculate the remainder when 27 is divided by 17.
10
What is the remainder when 448 is divided by 65?
58
Calculate the remainder when 1229 is divided by 240.
29
What is the remainder when 390 is divided by 309?
81
Calculate the remainder when 100 is divided by 37.
26
Calculate the remainder when 185 is divided by 40.
25
What is the remainder when 965 is divided by 206?
141
Calculate the remainder when 653 is divided by 306.
41
Calculate the remainder when 402 is divided by 132.
6
Calculate the remainder when 208 is divided by 35.
33
Calculate the remainder when 2519 is divided by 254.
233
What is the remainder when 1411 is divided by 696?
19
Calculate the remainder when 305 is divided by 39.
32
What is the remainder when 4344 is divided by 79?
78
What is the remainder when 365 is divided by 8?
5
Calculate the remainder when 23862 is divided by 51.
45
What is the remainder when 28 is divided by 7?
0
Calculate the remainder when 95 is divided by 3.
2
What is the remainder when 254 is divided by 73?
35
Calculate the remainder when 757 is divided by 6.
1
Calculate the remainder when 1504 is divided by 5.
4
Calculate the remainder when 166 is divided by 4.
2
Calculate the remainder when 3274 is divided by 182.
180
What is the remainder when 238 is divided by 6?
4
Calculate the remainder when 3329 is divided by 186.
167
What is the remainder when 13942 is divided by 166?
164
Calculate the remainder when 1126 is divided by 115.
91
Calculate the remainder when 549 is divided by 24.
21
What is the remainder when 876 is divided by 44?
40
Calculate the remainder when 305 is divided by 9.
8
Calculate the remainder when 151 is divided by 78.
73
Calculate the remainder when 558 is divided by 56.
54
Calculate the remainder when 2778 is divided by 26.
22
Calculate the remainder when 835 is divided by 35.
30
What is the remainder when 1747 is divided by 92?
91
Calculate the remainder when 459 is divided by 184.
91
What is the remainder when 216 is divided by 122?
94
What is the remainder when 468 is divided by 5?
3
Calculate the remainder when 457 is divided by 20.
17
What is the remainder when 5938 is divided by 45?
43
Calculate the remainder when 502 is divided by 4.
2
Calculate the remainder when 401 is divided by 67.
66
Calculate the remainder when 9271 is divided by 53.
49
What is the remainder when 369 is divided by 53?
51
What is the remainder when 361 is divided by 15?
1
What is the remainder when 235 is divided by 15?
10
Calculate the remainder when 80 is divided by 17.
12
What is the remainder when 1245 is divided by 604?
37
What is the remainder when 178 is divided by 28?
10
Calculate the remainder when 276 is divided by 131.
14
Calculate the remainder when 5663 is divided by 18.
11
Calculate the remainder when 277 is divided by 11.
2
Calculate the remainder when 93 is divided by 24.
21
Calculate the remainder when 20 is divided by 11.
9
What is the remainder when 687 is divided by 45?
12
What is the remainder when 6908 is divided by 54?
50
Calculate the remainder when 1404 is divided by 38.
36
Calculate the remainder when 461 is divided by 6.
5
Calculate the remainder when 96 is divided by 37.
22
Calculate the remainder when 41 is divided by 12.
5
What is the remainder when 4912 is divided by 42?
40
Calculate the remainder when 277 is divided by 20.
17
Calculate the remainder when 501 is divided by 24.
21
Calculate the remainder when 336 is divided by 34.
30
Calculate the remainder when 219 is divided by 64.
27
Calculate the remainder when 1368 is divided by 10.
8
What is the remainder when 128 is divided by 36?
20
What is the remainder when 123 is divided by 9?
6
Calculate the remainder when 112 is divided by 24.
16
What is the remainder when 942 is divided by 41?
40
What is the remainder when 308 is divided by 30?
8
What is the remainder when 223 is divided by 183?
40
Calculate the remainder when 2084 is divided by 541.
461
What is the remainder when 1233 is divided by 54?
45
Calculate the remainder when 89 is divided by 2.
1
What is the remainder when 98 is divided by 64?
34
What is the remainder when 226 is divided by 76?
74
What is the remainder when 212 is divided by 60?
32
Calculate the remainder when 39 is divided by 7.
4
Calculate the remainder when 1275 is divided by 29.
28
Calculate the remainder when 148 is divided by 22.
16
Calculate the remainder when 4108 is divided by 49.
41
What is the remainder when 256 is divided by 81?
13
What is the remainder when 3099 is divided by 62?
61
Calculate the remainder when 854 is divided by 140.
14
What is the remainder when 127 is divided by 98?
29
Calculate the remainder when 601 is divided by 43.
42
What is the remainder when 341 is divided by 57?
56
What is the remainder when 122 is divided by 44?
34
Calculate the remainder when 459 is divided by 67.
57
What is the remainder when 498 is divided by 68?
22
What is the remainder when 287 is divided by 12?
11
Calculate the remainder when 727 is divided by 119.
13
What is the remainder when 200 is divided by 34?
30
Calculate the remainder when 262 is divided by 19.
15
What is the remainder when 746 is di